{"id":64063,"date":"2024-04-03T13:56:17","date_gmt":"2024-04-03T16:56:17","guid":{"rendered":"https:\/\/www.rotaseguros.com.br\/corretor\/?page_id=64063"},"modified":"2026-04-14T10:30:28","modified_gmt":"2026-04-14T13:30:28","slug":"sao-bernardo-samp","status":"publish","type":"page","link":"https:\/\/www.rotaseguros.com.br\/corretor\/index.php\/vitoria\/sao-bernardo-samp\/","title":{"rendered":"S\u00e3o Bernardo Samp"},"content":{"rendered":"<h1>Tabelas de Pre\u00e7os S\u00e3o Bernardo Samp<\/h1>\n<p>&nbsp;<\/p>\n<ul>\n<li><a href=\"http:\/\/www.rotaseguros.com.br\/corretor\/wp-content\/uploads\/sbs_portfolio_de_produtos_pme-1.pdf\" target=\"_blank\" rel=\"noopener\">Tabela de Pre\u00e7os | S\u00e3o Bernardo Samp &#8211; (Atualizado em 14\/04\/26)<\/a><\/li>\n<\/ul>\n<ul>\n<li><a href=\"http:\/\/www.rotaseguros.com.br\/corretor\/wp-content\/uploads\/TABELA-SBS-SINDEPRES_AGOSTO.pdf\" target=\"_blank\" rel=\"noopener\">TABELA SBS SINDEPRES &#8211; (Atualizado em 04\/08\/25)<\/a><\/li>\n<\/ul>\n<p>&nbsp;<\/p>\n<p><strong>Odonto<\/strong><\/p>\n<ul>\n<li><a href=\"https:\/\/www.rotaseguros.com.br\/corretor\/wp-content\/uploads\/Portifolio-Odonto_SBS_SAMP_16_2024_V2-1-1.pdf\" target=\"_blank\" rel=\"noopener\">Tabela de Pre\u00e7os Odonto SBS SAMP \u2013 (Atualizado em 29\/04\/24)<\/a><\/li>\n<\/ul>\n<p><strong>Samp Assercom<\/strong><\/p>\n<ul>\n<li><a href=\"https:\/\/www.rotaseguros.com.br\/corretor\/wp-content\/uploads\/674f0d266ff8f_compressed.pdf\" target=\"_blank\" rel=\"noopener\">Proposta Simplificada \u2013 Samp \u2013 ASSERCOM \u2013 (Atualizado em 23\/01\/25)<\/a><\/li>\n<\/ul>\n<p>&nbsp;<\/p>\n<h3>FAQ SBS Samp<\/h3>\n<ul>\n<li><a href=\"https:\/\/www.rotaseguros.com.br\/corretor\/wp-content\/uploads\/FAQ-SAMP-Incorporacao-Sao-Bernardo-Samp.pdf\" target=\"_blank\" rel=\"noopener\">FAQ Samp \u2013 Perguntas e respostas \u2013 (Atualizado 19\/03\/2024)<\/a><\/li>\n<li><a href=\"https:\/\/www.rotaseguros.com.br\/corretor\/wp-content\/uploads\/FAQ-SBS-Incorporacao-Sao-Bernardo-Samp.pdf\" target=\"_blank\" rel=\"noopener\">FAQ SBS \u2013 Perguntas e respostas \u2013 (Atualizado 19\/03\/2024)<\/a><\/li>\n<\/ul>\n<p><strong>PME<\/strong><\/p>\n<ul>\n<li><a href=\"https:\/\/www.rotaseguros.com.br\/corretor\/wp-content\/uploads\/Orientacoes-e-responsabilidades_SAO-BERNARDO_com-tabelas_AZULeWAY-JULHO-2023.pdf\" target=\"_blank\" rel=\"noopener\">Orienta\u00e7\u00f5es e Responsabilidade | S\u00e3o Bernardo Ajudes \u2013 (Atualizada em 03\/07\/2023)<\/a><\/li>\n<li><a href=\"https:\/\/www.rotaseguros.com.br\/corretor\/wp-content\/uploads\/FICHA-DE-REGISTRO-AJUDES-ATUALIZADO-2.pdf\" target=\"_blank\" rel=\"noopener\">Ficha de Filia\u00e7\u00e3o AJUDES | S\u00e3o Bernardo \u2013 (atualizada em 14\/10\/2022)<\/a><\/li>\n<li><a href=\"https:\/\/www.rotaseguros.com.br\/corretor\/wp-content\/uploads\/TERMO-PROPOSTA-AMBULATORIAL-18042023.pdf\" target=\"_blank\" rel=\"noopener\">TERMO PROPOSTA AMBULATORIAL \u2013 (Atualizado 03\/07\/23)<\/a><\/li>\n<li><a href=\"https:\/\/www.rotaseguros.com.br\/corretor\/wp-content\/uploads\/FORM-Cotacao-Athena-SAMP_SBS1.xlsm\" target=\"_blank\" rel=\"noopener\">Formul\u00e1rio de Cota\u00e7\u00e3o (acima de 30 vidas) | Athena Sa\u00fade | SBS \u2013 (atualizado em 16\/02\/2023)<\/a><\/li>\n<\/ul>\n<h3>Rede Credenciada<\/h3>\n<ul>\n<li><a href=\"http:\/\/www.rotaseguros.com.br\/corretor\/wp-content\/uploads\/sbs_atendimento_clC3ADnicas_eletivas_a4.pdf\" target=\"_blank\" rel=\"noopener\">Rede Credenciada SBS | Cl\u00ednicas \u2013 (atualizado em 30\/07\/2025)<\/a><\/li>\n<li><a href=\"http:\/\/www.rotaseguros.com.br\/corretor\/wp-content\/uploads\/sbs_atendimento_rede_prC3B3pria_pas_a4.pdf\" target=\"_blank\" rel=\"noopener\">Rede Credenciada SBS | Pronto Atendimento \u2013 (atualizado em 30\/07\/2025)<\/a><\/li>\n<\/ul>\n<h3>Material de Apoio<\/h3>\n<ul>\n<li><a href=\"https:\/\/www.rotaseguros.com.br\/corretor\/wp-content\/uploads\/FORM-Cotacao-Athena-SAMP_SBS1.xlsm\" target=\"_blank\" rel=\"noopener\">Formul\u00e1rio de Cota\u00e7\u00e3o (acima de 30 vidas) | Athena Sa\u00fade | Samp \u2013 (atualizado em 16\/02\/2023)<\/a><\/li>\n<li><a href=\"https:\/\/www.rotaseguros.com.br\/corretor\/wp-content\/uploads\/Declaracao-de-Saude-SBS-Samp-10.24_compressed.pdf\" target=\"_blank\" rel=\"noopener\">Declara\u00e7\u00e3o de Sa\u00fade Samp venda fisica \u2013 (Atualizada em 08\/10\/24)<\/a><\/li>\n<li><a href=\"https:\/\/www.rotaseguros.com.br\/corretor\/wp-content\/uploads\/Proposta-simplificada.pdf\" target=\"_blank\" rel=\"noopener\">Proposta Simplificada \u2013 Samp \u2013 Compuls\u00f3rio \u2013 (Atualizado em 17\/05\/24)<\/a><\/li>\n<li><a href=\"https:\/\/www.rotaseguros.com.br\/corretor\/wp-content\/uploads\/6568e811ca4d0-Facultativo.pdf\" target=\"_blank\" rel=\"noopener\">Proposta Simplificada \u2013 Samp \u2013 Facultativo \u2013 (Atualizado em 11\/12\/23)<\/a><\/li>\n<li><a href=\"https:\/\/www.rotaseguros.com.br\/corretor\/wp-content\/uploads\/CARENCIAS-X-PROCEDIMENTOS1.pdf\" target=\"_blank\" rel=\"noopener\">Car\u00eancias X Procedimentos\u00a0<\/a><a href=\"https:\/\/www.rotaseguros.com.br\/corretor\/wp-content\/uploads\/tabela-copart-SBS-2023-2.pdf\" target=\"_blank\" rel=\"noopener\">(Atualizado em 26\/01\/24)<\/a><\/li>\n<li><a href=\"https:\/\/www.rotaseguros.com.br\/corretor\/wp-content\/uploads\/342033-PRC04-SAMP-CE.pdf\" target=\"_blank\" rel=\"noopener\">Aditivo PRC CAR\u00caNCIA \u2013 (Atualizado em 21\/10\/24)<\/a><\/li>\n<li><a href=\"https:\/\/www.rotaseguros.com.br\/corretor\/wp-content\/uploads\/25.02-COPARTICIPACAO-SBS.pdf\" target=\"_blank\" rel=\"noopener\">Guia de Coparticipa\u00e7\u00e3o S\u00e3o Bernardo Samp \u2013 (Atualizado em 18\/02\/25)<\/a><\/li>\n<li><a href=\"https:\/\/www.rotaseguros.com.br\/corretor\/wp-content\/uploads\/SAMP-SBS-Carta-de-Intencao-de-Cancelamento-PJ.pdf\" target=\"_blank\" rel=\"noopener\">SAMP SBS Carta de Inten\u00e7\u00e3o de Cancelamento PJ &#8211; (Atualizado em 05\/09\/24)<\/a><\/li>\n<\/ul>\n<p>&nbsp;<\/p>\n","protected":false},"excerpt":{"rendered":"<p>Tabelas de Pre\u00e7os S\u00e3o Bernardo Samp &nbsp; Tabela de Pre\u00e7os | S\u00e3o Bernardo Samp &#8211; (Atualizado em 14\/04\/26) TABELA SBS SINDEPRES &#8211; (Atualizado em 04\/08\/25) &nbsp; Odonto Tabela de Pre\u00e7os &#8230;<\/p>\n","protected":false},"author":22,"featured_media":0,"parent":8407,"menu_order":0,"comment_status":"closed","ping_status":"closed","template":"","meta":{"footnotes":""},"class_list":["post-64063","page","type-page","status-publish","hentry"],"_links":{"self":[{"href":"https:\/\/www.rotaseguros.com.br\/corretor\/index.php\/wp-json\/wp\/v2\/pages\/64063","targetHints":{"allow":["GET"]}}],"collection":[{"href":"https:\/\/www.rotaseguros.com.br\/corretor\/index.php\/wp-json\/wp\/v2\/pages"}],"about":[{"href":"https:\/\/www.rotaseguros.com.br\/corretor\/index.php\/wp-json\/wp\/v2\/types\/page"}],"author":[{"embeddable":true,"href":"https:\/\/www.rotaseguros.com.br\/corretor\/index.php\/wp-json\/wp\/v2\/users\/22"}],"replies":[{"embeddable":true,"href":"https:\/\/www.rotaseguros.com.br\/corretor\/index.php\/wp-json\/wp\/v2\/comments?post=64063"}],"version-history":[{"count":22,"href":"https:\/\/www.rotaseguros.com.br\/corretor\/index.php\/wp-json\/wp\/v2\/pages\/64063\/revisions"}],"predecessor-version":[{"id":67453,"href":"https:\/\/www.rotaseguros.com.br\/corretor\/index.php\/wp-json\/wp\/v2\/pages\/64063\/revisions\/67453"}],"up":[{"embeddable":true,"href":"https:\/\/www.rotaseguros.com.br\/corretor\/index.php\/wp-json\/wp\/v2\/pages\/8407"}],"wp:attachment":[{"href":"https:\/\/www.rotaseguros.com.br\/corretor\/index.php\/wp-json\/wp\/v2\/media?parent=64063"}],"curies":[{"name":"wp","href":"https:\/\/api.w.org\/{rel}","templated":true}]}}