{"id":65491,"date":"2025-01-30T00:38:40","date_gmt":"2025-01-30T03:38:40","guid":{"rendered":"https:\/\/www.rotaseguros.com.br\/corretor\/?page_id=65491"},"modified":"2026-04-23T11:27:04","modified_gmt":"2026-04-23T14:27:04","slug":"humana-saude","status":"publish","type":"page","link":"https:\/\/www.rotaseguros.com.br\/corretor\/index.php\/pr\/londrina\/humana-saude\/","title":{"rendered":"Humana Sa\u00fade"},"content":{"rendered":"<h2>Humana Sa\u00fade &#8211; Ades\u00e3o CORPe<\/h2>\n<ul>\n<li><a href=\"http:\/\/www.rotaseguros.com.br\/corretor\/wp-content\/uploads\/TABELA-HUMANA-SAUDE_LONDRINA_ENTIDADES-ABERTAS_V.1.pdf\" target=\"_blank\" rel=\"noopener\">Tabela Humana Sa\u00fade &#8211; Entidades Abertas &#8211; (atualizada em 23\/04\/2026)<\/a><\/li>\n<li><a href=\"http:\/\/www.rotaseguros.com.br\/corretor\/wp-content\/uploads\/TABELA-HUMANA-SAUDE_LONDRINA_ENTIDADES-FECHADAS_V.1.pdf\" target=\"_blank\" rel=\"noopener\">Tabela Humana Sa\u00fade &#8211; Entidades Fechadas &#8211; (atualizada em 23\/04\/2026)<\/a><\/li>\n<li><a href=\"http:\/\/www.rotaseguros.com.br\/corretor\/wp-content\/uploads\/TABELA-HUMANA-SAUDE_LONDRINA_ENTIDADE-ESTUDANTIL_V.1.pdf\">Tabela Humana Sa\u00fade &#8211; Entidades Estudantis &#8211; (atualizada em 23\/04\/2026)<\/a><\/li>\n<\/ul>\n","protected":false},"excerpt":{"rendered":"<p>Humana Sa\u00fade &#8211; Ades\u00e3o CORPe Tabela Humana Sa\u00fade &#8211; Entidades Abertas &#8211; (atualizada em 23\/04\/2026) Tabela Humana Sa\u00fade &#8211; Entidades Fechadas &#8211; (atualizada em 23\/04\/2026) Tabela Humana Sa\u00fade &#8211; Entidades &#8230;<\/p>\n","protected":false},"author":22,"featured_media":0,"parent":65487,"menu_order":0,"comment_status":"closed","ping_status":"closed","template":"","meta":{"footnotes":""},"class_list":["post-65491","page","type-page","status-publish","hentry"],"_links":{"self":[{"href":"https:\/\/www.rotaseguros.com.br\/corretor\/index.php\/wp-json\/wp\/v2\/pages\/65491","targetHints":{"allow":["GET"]}}],"collection":[{"href":"https:\/\/www.rotaseguros.com.br\/corretor\/index.php\/wp-json\/wp\/v2\/pages"}],"about":[{"href":"https:\/\/www.rotaseguros.com.br\/corretor\/index.php\/wp-json\/wp\/v2\/types\/page"}],"author":[{"embeddable":true,"href":"https:\/\/www.rotaseguros.com.br\/corretor\/index.php\/wp-json\/wp\/v2\/users\/22"}],"replies":[{"embeddable":true,"href":"https:\/\/www.rotaseguros.com.br\/corretor\/index.php\/wp-json\/wp\/v2\/comments?post=65491"}],"version-history":[{"count":5,"href":"https:\/\/www.rotaseguros.com.br\/corretor\/index.php\/wp-json\/wp\/v2\/pages\/65491\/revisions"}],"predecessor-version":[{"id":67537,"href":"https:\/\/www.rotaseguros.com.br\/corretor\/index.php\/wp-json\/wp\/v2\/pages\/65491\/revisions\/67537"}],"up":[{"embeddable":true,"href":"https:\/\/www.rotaseguros.com.br\/corretor\/index.php\/wp-json\/wp\/v2\/pages\/65487"}],"wp:attachment":[{"href":"https:\/\/www.rotaseguros.com.br\/corretor\/index.php\/wp-json\/wp\/v2\/media?parent=65491"}],"curies":[{"name":"wp","href":"https:\/\/api.w.org\/{rel}","templated":true}]}}