{"id":65539,"date":"2025-01-30T12:16:06","date_gmt":"2025-01-30T15:16:06","guid":{"rendered":"https:\/\/www.rotaseguros.com.br\/corretor\/?page_id=65539"},"modified":"2025-01-30T12:45:54","modified_gmt":"2025-01-30T15:45:54","slug":"unimed-parana","status":"publish","type":"page","link":"https:\/\/www.rotaseguros.com.br\/corretor\/index.php\/pr\/londrina\/unimed-parana\/","title":{"rendered":"Unimed Paran\u00e1"},"content":{"rendered":"<h2>Tabelas<\/h2>\n<ul>\n<li style=\"list-style-type: none;\">\n<ul>\n<li style=\"list-style-type: none;\">\n<ul>\n<li><a href=\"https:\/\/www.rotaseguros.com.br\/corretor\/wp-content\/uploads\/Defensor-Publico.pdf\" target=\"_blank\" rel=\"noopener\">Tabela Unimed Paran\u00e1 &#8211; ADEPAR PR (Defensor P\u00fablico) | Extramed \u2013 (atualizada em 29\/01\/2025)<\/a><\/li>\n<li><a href=\"https:\/\/www.rotaseguros.com.br\/corretor\/wp-content\/uploads\/Enfermeiros.pdf\" target=\"_blank\" rel=\"noopener\">Tabela Unimed Paran\u00e1 &#8211; COREN PR (Enfermeiros) | Extramed \u2013 (atualizada em 29\/01\/2025)<\/a><\/li>\n<li><a href=\"https:\/\/www.rotaseguros.com.br\/corretor\/wp-content\/uploads\/Fonoaudiologia.pdf\" target=\"_blank\" rel=\"noopener\">Tabela Unimed Paran\u00e1 &#8211; CREFONO PR (Fonoaudiologia) | Extramed \u2013 (atualizada em 29\/01\/2025)<\/a><\/li>\n<li><a href=\"https:\/\/www.rotaseguros.com.br\/corretor\/wp-content\/uploads\/Notarios-ou-Registradores-do-Parana.pdf\" target=\"_blank\" rel=\"noopener\">Tabela Unimed Paran\u00e1 &#8211; ANOREG PR (Not\u00e1rios e Registradores) | Extramed \u2013 (atualizada em 29\/01\/2025)<\/a><\/li>\n<li><a href=\"https:\/\/www.rotaseguros.com.br\/corretor\/wp-content\/uploads\/Professores-de-Quimica.pdf\" target=\"_blank\" rel=\"noopener\">Tabela Unimed Paran\u00e1 &#8211; SIQUIM PR (Professores de Qu\u00edmica)| Extramed \u2013 (atualizada em 29\/01\/2025)<\/a><\/li>\n<li><a href=\"https:\/\/www.rotaseguros.com.br\/corretor\/wp-content\/uploads\/Representantes-Comerciais.pdf\" target=\"_blank\" rel=\"noopener\">Tabela Unimed Paran\u00e1 &#8211; SIRECOM PR (Representantes Comerciais)| Extramed \u2013 (atualizada em 29\/01\/2025)<\/a><\/li>\n<li><a href=\"https:\/\/www.rotaseguros.com.br\/corretor\/wp-content\/uploads\/Servidores-da-Defensoria-Publica.pdf\" target=\"_blank\" rel=\"noopener\">Tabela Unimed Paran\u00e1 &#8211; ASSEDEPAR PR (Servidores da Defensoria P\u00fablica)| Extramed \u2013 (atualizada em 29\/01\/2025)<\/a><\/li>\n<li><a href=\"https:\/\/www.rotaseguros.com.br\/corretor\/wp-content\/uploads\/Servidores-da-Educacao.pdf\" target=\"_blank\" rel=\"noopener\">Tabela Unimed Paran\u00e1 &#8211; APP SINDICATO PR (Servidores da Educa\u00e7\u00e3o)| Extramed \u2013 (atualizada em 29\/01\/2025)<\/a><\/li>\n<li><a href=\"https:\/\/www.rotaseguros.com.br\/corretor\/wp-content\/uploads\/Servidores-do-Poder-Judiciario.pdf\" target=\"_blank\" rel=\"noopener\">Tabela Unimed Paran\u00e1 &#8211; SINDIJUS PR (Servidores do Poder Judici\u00e1rio)| Extramed \u2013 (atualizada em 29\/01\/2025)<\/a><\/li>\n<li><a href=\"https:\/\/www.rotaseguros.com.br\/corretor\/wp-content\/uploads\/Advogados.pdf\" target=\"_blank\" rel=\"noopener\">Tabela Unimed Paran\u00e1 &#8211; CAA PR (Advogados)| Extramed \u2013 (atualizada em 29\/01\/2025)<\/a><\/li>\n<\/ul>\n<\/li>\n<\/ul>\n<\/li>\n<\/ul>\n<p>&nbsp;<\/p>\n","protected":false},"excerpt":{"rendered":"<p>Tabelas Tabela Unimed Paran\u00e1 &#8211; ADEPAR PR (Defensor P\u00fablico) | Extramed \u2013 (atualizada em 29\/01\/2025) Tabela Unimed Paran\u00e1 &#8211; COREN PR (Enfermeiros) | Extramed \u2013 (atualizada em 29\/01\/2025) Tabela Unimed &#8230;<\/p>\n","protected":false},"author":22,"featured_media":0,"parent":65487,"menu_order":0,"comment_status":"closed","ping_status":"closed","template":"","meta":{"footnotes":""},"class_list":["post-65539","page","type-page","status-publish","hentry"],"_links":{"self":[{"href":"https:\/\/www.rotaseguros.com.br\/corretor\/index.php\/wp-json\/wp\/v2\/pages\/65539","targetHints":{"allow":["GET"]}}],"collection":[{"href":"https:\/\/www.rotaseguros.com.br\/corretor\/index.php\/wp-json\/wp\/v2\/pages"}],"about":[{"href":"https:\/\/www.rotaseguros.com.br\/corretor\/index.php\/wp-json\/wp\/v2\/types\/page"}],"author":[{"embeddable":true,"href":"https:\/\/www.rotaseguros.com.br\/corretor\/index.php\/wp-json\/wp\/v2\/users\/22"}],"replies":[{"embeddable":true,"href":"https:\/\/www.rotaseguros.com.br\/corretor\/index.php\/wp-json\/wp\/v2\/comments?post=65539"}],"version-history":[{"count":4,"href":"https:\/\/www.rotaseguros.com.br\/corretor\/index.php\/wp-json\/wp\/v2\/pages\/65539\/revisions"}],"predecessor-version":[{"id":65555,"href":"https:\/\/www.rotaseguros.com.br\/corretor\/index.php\/wp-json\/wp\/v2\/pages\/65539\/revisions\/65555"}],"up":[{"embeddable":true,"href":"https:\/\/www.rotaseguros.com.br\/corretor\/index.php\/wp-json\/wp\/v2\/pages\/65487"}],"wp:attachment":[{"href":"https:\/\/www.rotaseguros.com.br\/corretor\/index.php\/wp-json\/wp\/v2\/media?parent=65539"}],"curies":[{"name":"wp","href":"https:\/\/api.w.org\/{rel}","templated":true}]}}