{"id":65550,"date":"2025-01-30T12:17:19","date_gmt":"2025-01-30T15:17:19","guid":{"rendered":"https:\/\/www.rotaseguros.com.br\/corretor\/?page_id=65550"},"modified":"2026-04-23T14:08:41","modified_gmt":"2026-04-23T17:08:41","slug":"unimed-parana","status":"publish","type":"page","link":"https:\/\/www.rotaseguros.com.br\/corretor\/index.php\/maringa\/unimed-parana\/","title":{"rendered":"Unimed Paran\u00e1"},"content":{"rendered":"<h2>Tabelas Extramed<\/h2>\n<ul>\n<li><a href=\"http:\/\/www.rotaseguros.com.br\/corretor\/wp-content\/uploads\/TABELA-SINDICATOS_compressed.pdf\" target=\"_blank\" rel=\"noopener\">Tabela Unimed Paran\u00e1 &#8211; SINDICATOS | Extramed \u2013 (atualizada em 23\/04\/2026)<\/a><\/li>\n<li><a href=\"http:\/\/www.rotaseguros.com.br\/corretor\/wp-content\/uploads\/TABELA-MUTUA-PR-EST_compressed.pdf\" target=\"_blank\" rel=\"noopener\">Tabela Unimed Paran\u00e1 &#8211; M\u00daTUA PR (Profissionais do CREA) | Extramed \u2013 (atualizada em 23\/04\/2026)<\/a><\/li>\n<li><a href=\"http:\/\/www.rotaseguros.com.br\/corretor\/wp-content\/uploads\/TABELA-ANOREG-PR_compressed.pdf\" target=\"_blank\" rel=\"noopener\">Tabela Unimed Paran\u00e1 &#8211; ANOREG PR (Not\u00e1rios e Registradores) | Extramed \u2013 (atualizada em 23\/04\/2026)<\/a><\/li>\n<li><a href=\"http:\/\/www.rotaseguros.com.br\/corretor\/wp-content\/uploads\/TABELA-SIQUIM-PR_compressed.pdf\" target=\"_blank\" rel=\"noopener\">Tabela Unimed Paran\u00e1 &#8211; SIQUIM PR (Professores de Qu\u00edmica)| Extramed \u2013 (atualizada em 23\/04\/2026)<\/a><\/li>\n<li><a href=\"http:\/\/www.rotaseguros.com.br\/corretor\/wp-content\/uploads\/TABELA-SIRECOM-PR_compressed.pdf\" target=\"_blank\" rel=\"noopener\">Tabela Unimed Paran\u00e1 &#8211; SIRECOM PR (Representantes Comerciais)| Extramed \u2013 (atualizada em 23\/04\/2026)<\/a><\/li>\n<li><a href=\"http:\/\/www.rotaseguros.com.br\/corretor\/wp-content\/uploads\/TABELA-SINDYPSI-PR_compressed.pdf\" target=\"_blank\" rel=\"noopener\">Tabela Unimed Paran\u00e1 &#8211; SINDYPSI PR (Psic\u00f3logos)| Extramed \u2013 (atualizada em 23\/04\/2026)<\/a><\/li>\n<li><a href=\"http:\/\/www.rotaseguros.com.br\/corretor\/wp-content\/uploads\/TABELA-APP-SINDICATO_compressed.pdf\" target=\"_blank\" rel=\"noopener\">Tabela Unimed Paran\u00e1 &#8211; APP SINDICATO PR (Servidores da Educa\u00e7\u00e3o)| Extramed \u2013 (atualizada em 23\/04\/2026)<\/a><\/li>\n<li><a href=\"http:\/\/www.rotaseguros.com.br\/corretor\/wp-content\/uploads\/TABELA-SINDIJUS-PR_compressed.pdf\" target=\"_blank\" rel=\"noopener\">Tabela Unimed Paran\u00e1 &#8211; SINDIJUS PR (Servidores do Poder Judici\u00e1rio)| Extramed \u2013 (atualizada em 23\/04\/2026)<\/a><\/li>\n<li><a href=\"http:\/\/www.rotaseguros.com.br\/corretor\/wp-content\/uploads\/TABELA-CAA-PR_compressed.pdf\" target=\"_blank\" rel=\"noopener\">Tabela Unimed Paran\u00e1 &#8211; CAA PR (Advogados)| Extramed \u2013 (atualizada em 23\/04\/2026)<\/a><\/li>\n<\/ul>\n<h2>Tabelas Ades\u00e3o CORPe<\/h2>\n<ul>\n<li><a href=\"http:\/\/www.rotaseguros.com.br\/corretor\/wp-content\/uploads\/TABELA-UNIMED-MARINGA_ABPS_V.1-2.pdf\" target=\"_blank\" rel=\"noopener\">Tabela Unimed CORPe ABPS &#8211; (atualizada em 23\/04\/2026)<\/a><\/li>\n<li><a href=\"http:\/\/www.rotaseguros.com.br\/corretor\/wp-content\/uploads\/TABELA-UNIMED-MARINGA_V.1-2.pdf\" target=\"_blank\" rel=\"noopener\">Tabela Unimed CORPe &#8211; (atualizada em 23\/04\/2026)<\/a><\/li>\n<\/ul>\n<h2>Tabelas PME<\/h2>\n<ul>\n<li><a href=\"http:\/\/www.rotaseguros.com.br\/corretor\/wp-content\/uploads\/IDEAL-I.pdf\" target=\"_blank\" rel=\"noopener\">Tabela IDEAL I &#8211; (atualizada em 23\/04\/2026)<\/a><\/li>\n<li><a href=\"http:\/\/www.rotaseguros.com.br\/corretor\/wp-content\/uploads\/IDEAL-II.pdf\" target=\"_blank\" rel=\"noopener\">Tabela IDEAL II &#8211; (atualizada em 23\/04\/2026)<\/a><\/li>\n<li><a href=\"http:\/\/www.rotaseguros.com.br\/corretor\/wp-content\/uploads\/Unipro-I.pdf\" target=\"_blank\" rel=\"noopener\">Tabela UNIPRO I &#8211; (atualizada em 23\/04\/2026)<\/a><\/li>\n<li><a href=\"http:\/\/www.rotaseguros.com.br\/corretor\/wp-content\/uploads\/UNIPRO-II.pdf\" target=\"_blank\" rel=\"noopener\">Tabela UNIPRO II &#8211; (atualizada em 23\/04\/2026)<\/a><\/li>\n<li><a href=\"http:\/\/www.rotaseguros.com.br\/corretor\/wp-content\/uploads\/UNIPRO-II-ASSOCIACOES.pdf\" target=\"_blank\" rel=\"noopener\">Tabela UNIPRO II ASSOCIA\u00c7\u00d5ES &#8211; (atualizada em 23\/04\/2026)<\/a><\/li>\n<\/ul>\n","protected":false},"excerpt":{"rendered":"<p>Tabelas Extramed Tabela Unimed Paran\u00e1 &#8211; SINDICATOS | Extramed \u2013 (atualizada em 23\/04\/2026) Tabela Unimed Paran\u00e1 &#8211; M\u00daTUA PR (Profissionais do CREA) | Extramed \u2013 (atualizada em 23\/04\/2026) Tabela Unimed &#8230;<\/p>\n","protected":false},"author":22,"featured_media":0,"parent":65174,"menu_order":0,"comment_status":"closed","ping_status":"closed","template":"","meta":{"footnotes":""},"class_list":["post-65550","page","type-page","status-publish","hentry"],"_links":{"self":[{"href":"https:\/\/www.rotaseguros.com.br\/corretor\/index.php\/wp-json\/wp\/v2\/pages\/65550","targetHints":{"allow":["GET"]}}],"collection":[{"href":"https:\/\/www.rotaseguros.com.br\/corretor\/index.php\/wp-json\/wp\/v2\/pages"}],"about":[{"href":"https:\/\/www.rotaseguros.com.br\/corretor\/index.php\/wp-json\/wp\/v2\/types\/page"}],"author":[{"embeddable":true,"href":"https:\/\/www.rotaseguros.com.br\/corretor\/index.php\/wp-json\/wp\/v2\/users\/22"}],"replies":[{"embeddable":true,"href":"https:\/\/www.rotaseguros.com.br\/corretor\/index.php\/wp-json\/wp\/v2\/comments?post=65550"}],"version-history":[{"count":6,"href":"https:\/\/www.rotaseguros.com.br\/corretor\/index.php\/wp-json\/wp\/v2\/pages\/65550\/revisions"}],"predecessor-version":[{"id":67593,"href":"https:\/\/www.rotaseguros.com.br\/corretor\/index.php\/wp-json\/wp\/v2\/pages\/65550\/revisions\/67593"}],"up":[{"embeddable":true,"href":"https:\/\/www.rotaseguros.com.br\/corretor\/index.php\/wp-json\/wp\/v2\/pages\/65174"}],"wp:attachment":[{"href":"https:\/\/www.rotaseguros.com.br\/corretor\/index.php\/wp-json\/wp\/v2\/media?parent=65550"}],"curies":[{"name":"wp","href":"https:\/\/api.w.org\/{rel}","templated":true}]}}