{"id":8982,"date":"2020-03-12T09:51:11","date_gmt":"2020-03-12T12:51:11","guid":{"rendered":"https:\/\/www.rotaseguros.com.br\/corretor\/?page_id=8982"},"modified":"2026-03-23T16:37:10","modified_gmt":"2026-03-23T19:37:10","slug":"allcare","status":"publish","type":"page","link":"https:\/\/www.rotaseguros.com.br\/corretor\/index.php\/vitoria\/allcare\/","title":{"rendered":"AllCare"},"content":{"rendered":"<h3>TABELA DE PRE\u00c7OS<\/h3>\n<ul>\n<li><a href=\"http:\/\/www.rotaseguros.com.br\/corretor\/wp-content\/uploads\/TABELA-PME-220126.pdf\" target=\"_blank\" rel=\"noopener\">Tabela Unimed Vitoria ES PME &#8211; (Atualizado em 23\/03\/26)<\/a><\/li>\n<li><a href=\"http:\/\/www.rotaseguros.com.br\/corretor\/wp-content\/uploads\/ADESAO-UNIFICADA-UNIMED-VITORIA.pdf\" target=\"_blank\" rel=\"noopener\">Tabela Unimed Vitoria ES Ades\u00e3o &#8211; (Atualizado em 22\/01\/26)<\/a><\/li>\n<\/ul>\n<h2>Materiais de Apoio<\/h2>\n<ul>\n<li><a href=\"http:\/\/www.rotaseguros.com.br\/corretor\/wp-content\/uploads\/Lamina-Entidades-Unimed-Vitoria-1.pdf\" target=\"_blank\" rel=\"noopener\">Lamina Entidades &#8211; (Atualizado em 24\/07\/25)<\/a><\/li>\n<li><a href=\"https:\/\/www.rotaseguros.com.br\/corretor\/wp-content\/uploads\/Manual-do-Cliente-AllCare-_compressed.pdf\" target=\"_blank\" rel=\"noopener\">Manual do Cliente | VIX &#8211; (atualizada em 09\/01\/2025)<\/a><\/li>\n<li><a href=\"http:\/\/www.rotaseguros.com.br\/corretor\/wp-content\/uploads\/Declaracao-de-Funcionarios-para-MEI-1-2-1_compressed.pdf\" target=\"_blank\" rel=\"noopener\">Declara\u00e7\u00e3o de Funcion\u00e1rios para MEI &#8211; (Atualizado 16\/05\/25)<\/a><\/li>\n<li><a href=\"https:\/\/www.rotaseguros.com.br\/corretor\/wp-content\/uploads\/Manual-Venda-Digital-AllCare.pdf\" target=\"_blank\" rel=\"noopener\">Manual &#8211; Venda Digital AllCare &#8211; (Atualizado em 26\/02\/25)<\/a><\/li>\n<li><a href=\"https:\/\/www.rotaseguros.com.br\/corretor\/wp-content\/uploads\/AFPB-5.pdf\" target=\"_blank\" rel=\"noopener\">AFPB &#8211; (atualizado 13\/03\/23)<\/a><\/li>\n<li><a href=\"https:\/\/www.rotaseguros.com.br\/corretor\/wp-content\/uploads\/ASCOM-5.pdf\" target=\"_blank\" rel=\"noopener\">ASCOM &#8211; (atualizado 13\/03\/23)<\/a><\/li>\n<li><a href=\"https:\/\/www.rotaseguros.com.br\/corretor\/wp-content\/uploads\/AUTONOMO-1.pdf\" target=\"_blank\" rel=\"noopener\">AUTONOMO &#8211; (atualizado 13\/03\/23)<\/a><\/li>\n<li><a href=\"https:\/\/www.rotaseguros.com.br\/corretor\/wp-content\/uploads\/AEEPPES-3.pdf\" target=\"_blank\" rel=\"noopener\">AEEPPES &#8211; (atualizado 13\/03\/23)<\/a><\/li>\n<li><a href=\"https:\/\/www.rotaseguros.com.br\/corretor\/wp-content\/uploads\/ABPL-3.pdf\" target=\"_blank\" rel=\"noopener\">ABPL &#8211; (atualizado 13\/03\/23)<\/a><\/li>\n<li><a href=\"https:\/\/www.rotaseguros.com.br\/corretor\/wp-content\/uploads\/SINPRO-ES-3.pdf\" target=\"_blank\" rel=\"noopener\">SINPRO-ES &#8211; (atualizado 13\/03\/23)<\/a><\/li>\n<li><a href=\"https:\/\/www.rotaseguros.com.br\/corretor\/wp-content\/uploads\/SINDIEDUCACAO-2.pdf\" target=\"_blank\" rel=\"noopener\">SINDIEDUCA\u00c7\u00c3O &#8211; (atualizado 13\/03\/23)<\/a><\/li>\n<li><a href=\"https:\/\/www.rotaseguros.com.br\/corretor\/wp-content\/uploads\/ABRE-BRASIL-1.pdf\">ABRE BRASIL<\/a><\/li>\n<li><a href=\"https:\/\/www.rotaseguros.com.br\/corretor\/wp-content\/uploads\/ABREC-1.pdf\">ABREC<\/a><\/li>\n<li><a href=\"https:\/\/www.rotaseguros.com.br\/corretor\/wp-content\/uploads\/FEBEUS-2.pdf\">FEBEUS<\/a><\/li>\n<li><a href=\"https:\/\/www.rotaseguros.com.br\/corretor\/wp-content\/uploads\/arc_samp_es.pdf\" target=\"_blank\" rel=\"noopener\">Aditivo de Redu\u00e7\u00e3o de Car\u00eancia SAMP | Allcare \u2013 (Atualizado em 08\/03\/2024)<\/a><\/li>\n<li><a href=\"https:\/\/www.rotaseguros.com.br\/corretor\/wp-content\/uploads\/arc_adesao_sao_bernardo_es.pdf\" target=\"_blank\" rel=\"noopener\">Aditivo de Redu\u00e7\u00e3o de Car\u00eancia S\u00e3o Bernardo | Allcare \u2013 (Atualizado em 08\/03\/2024)<\/a><\/li>\n<li><a href=\"https:\/\/www.rotaseguros.com.br\/corretor\/wp-content\/uploads\/CHECK-LIST-1.pdf\">CHECK LIST<\/a><\/li>\n<li><a href=\"https:\/\/www.rotaseguros.com.br\/corretor\/wp-content\/uploads\/Formul\u00e1rio-Entrevista-Qualificada-1.pdf\">FORMUL\u00c1RIO ENTREVISTA QUALIFICADA<\/a><\/li>\n<li><a href=\"https:\/\/www.rotaseguros.com.br\/corretor\/wp-content\/uploads\/RECIBO-1.pdf\">RECIBO SINDIEDUCA\u00c7\u00c3O<\/a><\/li>\n<li><a href=\"https:\/\/www.rotaseguros.com.br\/corretor\/wp-content\/uploads\/Termo_Ciencia_coparticipacao_SAMP_ES-EDIT\u00c1VEL.pdf\" target=\"_blank\" rel=\"noopener noreferrer\">Termo de Ci\u00eancia \u2013 Coparticipa\u00e7\u00e3o | SAMP ES EDIT\u00c1VEL<\/a><\/li>\n<li><a href=\"https:\/\/www.rotaseguros.com.br\/corretor\/wp-content\/uploads\/CARTA-CIENCIA-APROVEITAMENTO-1-1.docx\" target=\"_blank\" rel=\"noopener\">CARTA CIENCIA APROVEITAMENTO &#8211; (atualizado 13\/03\/23)<\/a><\/li>\n<li><a href=\"https:\/\/www.rotaseguros.com.br\/corretor\/wp-content\/uploads\/CARTA-RETIFICADORA-NOME-CORRETO-1.docx\" target=\"_blank\" rel=\"noopener\">CARTA RETIFICADORA NOME CORRETO &#8211; (atualizado 13\/03\/23)<\/a><\/li>\n<li><a href=\"https:\/\/www.rotaseguros.com.br\/corretor\/wp-content\/uploads\/CARTA-RETIFICADORA-RESPONSAVEL-FINANCEIRO-1.docx\" target=\"_blank\" rel=\"noopener\">CARTA RETIFICADORA RESPONSAVEL FINANCEIRO &#8211; (atualizado 13\/03\/23)<\/a><\/li>\n<li><a href=\"https:\/\/www.rotaseguros.com.br\/corretor\/wp-content\/uploads\/CARTA-RETIFICADORA-INCLUSAO-DE-DEPENDENTE-1.docx\" target=\"_blank\" rel=\"noopener\">CARTA RETIFICADORA &#8211; INCLUS\u00c3O DE DEPENDENTE &#8211; (atualizado 13\/03\/23)<\/a><\/li>\n<li><a href=\"https:\/\/www.rotaseguros.com.br\/corretor\/wp-content\/uploads\/CARTA-RETIFICADORA-EXCLUSAO-DE-DEPENDENTE-1.docx\" target=\"_blank\" rel=\"noopener\">CARTA RETIFICADORA &#8211; EXCLUSAO DE DEPENDENTE &#8211; (atualizado 13\/03\/23)<\/a><\/li>\n<li><a href=\"https:\/\/www.rotaseguros.com.br\/corretor\/wp-content\/uploads\/CARTA-DESISTENCIA-DO-CANCELAMENTO-1.docx\" target=\"_blank\" rel=\"noopener\">CARTA DESISTENCIA DO CANCELAMENTO &#8211; (atualizado 13\/03\/23)<\/a><\/li>\n<li><a href=\"https:\/\/www.rotaseguros.com.br\/corretor\/wp-content\/uploads\/CARTA-RETIFICADORA-DE-VIGENCIA-1.docx\" target=\"_blank\" rel=\"noopener\">CARTA RETIFICADORA DE VIGENCIA &#8211; (atualizado 13\/03\/23)<\/a><\/li>\n<li><a href=\"https:\/\/www.rotaseguros.com.br\/corretor\/wp-content\/uploads\/CARTA-RETIFICADORA-CARENCIAS-1-1.docx\" target=\"_blank\" rel=\"noopener\">CARTA RETIFICADORA CARENCIAS &#8211; (atualizado 13\/03\/23)<\/a><\/li>\n<li><a href=\"https:\/\/www.rotaseguros.com.br\/corretor\/wp-content\/uploads\/CARTA-CIENCIA-CARENCIA-CONTRATUAL-1-1.docx\" target=\"_blank\" rel=\"noopener\">CARTA CIENCIA CARENCIA CONTRATUAL &#8211; (atualizado 13\/03\/23)<\/a><\/li>\n<li><a href=\"https:\/\/www.rotaseguros.com.br\/corretor\/wp-content\/uploads\/CARTA-RETIFICADORA-PRODUTO-1-1.docx\" target=\"_blank\" rel=\"noopener\">CARTA RETIFICADORA PRODUTO &#8211; (atualizado 13\/03\/23)<\/a><\/li>\n<li><a href=\"https:\/\/www.rotaseguros.com.br\/corretor\/wp-content\/uploads\/CARTA-RETIFICADORA-ENTIDADE-1-1.docx\" target=\"_blank\" rel=\"noopener\">CARTA RETIFICADORA ENTIDADE &#8211; (atualizado 13\/03\/23)<\/a><\/li>\n<li><a href=\"https:\/\/www.rotaseguros.com.br\/corretor\/wp-content\/uploads\/CARTA-CANCELAMENTO-1.docx\" target=\"_blank\" rel=\"noopener\">CARTA CANCELAMENTO &#8211; (atualizado 13\/03\/23)<\/a><\/li>\n<li><a href=\"https:\/\/www.rotaseguros.com.br\/corretor\/wp-content\/uploads\/CARTA-CIENCIA-DE-ABRANGENCIA-.docx\" target=\"_blank\" rel=\"noopener\">CARTA CIENCIA DE ABRANGENCIA &#8211; (atualizado 13\/03\/23)<\/a><\/li>\n<li><a href=\"https:\/\/www.rotaseguros.com.br\/corretor\/wp-content\/uploads\/ARC_Unimed_Vitoria-02_2024.pdf\" target=\"_blank\" rel=\"noopener\">Aproveitamento de Car\u00eancia &#8211; Atualizado em 18\/09\/24<\/a><\/li>\n<\/ul>\n","protected":false},"excerpt":{"rendered":"<p>TABELA DE PRE\u00c7OS Tabela Unimed Vitoria ES PME &#8211; (Atualizado em 23\/03\/26) Tabela Unimed Vitoria ES Ades\u00e3o &#8211; (Atualizado em 22\/01\/26) Materiais de Apoio Lamina Entidades &#8211; (Atualizado em 24\/07\/25) &#8230;<\/p>\n","protected":false},"author":1,"featured_media":0,"parent":8407,"menu_order":0,"comment_status":"closed","ping_status":"closed","template":"","meta":{"footnotes":""},"class_list":["post-8982","page","type-page","status-publish","hentry"],"_links":{"self":[{"href":"https:\/\/www.rotaseguros.com.br\/corretor\/index.php\/wp-json\/wp\/v2\/pages\/8982","targetHints":{"allow":["GET"]}}],"collection":[{"href":"https:\/\/www.rotaseguros.com.br\/corretor\/index.php\/wp-json\/wp\/v2\/pages"}],"about":[{"href":"https:\/\/www.rotaseguros.com.br\/corretor\/index.php\/wp-json\/wp\/v2\/types\/page"}],"author":[{"embeddable":true,"href":"https:\/\/www.rotaseguros.com.br\/corretor\/index.php\/wp-json\/wp\/v2\/users\/1"}],"replies":[{"embeddable":true,"href":"https:\/\/www.rotaseguros.com.br\/corretor\/index.php\/wp-json\/wp\/v2\/comments?post=8982"}],"version-history":[{"count":33,"href":"https:\/\/www.rotaseguros.com.br\/corretor\/index.php\/wp-json\/wp\/v2\/pages\/8982\/revisions"}],"predecessor-version":[{"id":67387,"href":"https:\/\/www.rotaseguros.com.br\/corretor\/index.php\/wp-json\/wp\/v2\/pages\/8982\/revisions\/67387"}],"up":[{"embeddable":true,"href":"https:\/\/www.rotaseguros.com.br\/corretor\/index.php\/wp-json\/wp\/v2\/pages\/8407"}],"wp:attachment":[{"href":"https:\/\/www.rotaseguros.com.br\/corretor\/index.php\/wp-json\/wp\/v2\/media?parent=8982"}],"curies":[{"name":"wp","href":"https:\/\/api.w.org\/{rel}","templated":true}]}}