{"id":8984,"date":"2020-03-12T09:52:23","date_gmt":"2020-03-12T12:52:23","guid":{"rendered":"https:\/\/www.rotaseguros.com.br\/corretor\/?page_id=8984"},"modified":"2026-05-06T17:22:40","modified_gmt":"2026-05-06T20:22:40","slug":"qualisaude","status":"publish","type":"page","link":"https:\/\/www.rotaseguros.com.br\/corretor\/index.php\/vitoria\/qualisaude\/","title":{"rendered":"Qualisaude"},"content":{"rendered":"<h2>Tabelas Qualisaude<\/h2>\n<p><strong>Segue abaixo o link para as tabelas da Qualisa\u00fade.<\/strong><\/p>\n<ul>\n<li><a href=\"https:\/\/drive.google.com\/drive\/folders\/1S3DeCmAATNcCONFqdCmUqYNVDhfFvxat\" target=\"_blank\" rel=\"noopener\">https:\/\/drive.google.com\/drive\/folders\/1S3DeCmAATNcCONFqdCmUqYNVDhfFvxat<\/a><\/li>\n<li><a href=\"http:\/\/www.rotaseguros.com.br\/corretor\/wp-content\/uploads\/TABELA-DE-VENDAS-ATHENA-6.pdf\" target=\"_blank\" rel=\"noopener\">TABELA DE VENDAS ATHENA &#8211; Portif\u00f3lio de Vendas &#8211; (Atualizado em 06\/05\/26)<\/a><\/li>\n<\/ul>\n<p>&nbsp;<\/p>\n<h3>Material de Apoio<\/h3>\n<p><a href=\"https:\/\/www.rotaseguros.com.br\/corretor\/wp-content\/uploads\/formulario-EQ-1.pdf\" target=\"_blank\" rel=\"noopener\">Formul\u00e1rio Entrevista Qualificada<\/a><\/p>\n<p><a href=\"https:\/\/www.rotaseguros.com.br\/corretor\/wp-content\/uploads\/342033-PRC04-SAMP-CE.pdf\" target=\"_blank\" rel=\"noopener\">Termo Aditivo de Aproveitamento de Car\u00eancia \u2013 (Atualizado em 21\/10\/24)<\/a><\/p>\n<p><a href=\"https:\/\/www.rotaseguros.com.br\/corretor\/wp-content\/uploads\/Termo-de-Responsabilidade-Financeira.pdf\" target=\"_blank\" rel=\"noopener noreferrer\">Termo de Responsabilidade Financeira<\/a><\/p>\n<p><a href=\"https:\/\/www.rotaseguros.com.br\/corretor\/wp-content\/uploads\/Guia-medico-atualizado.pdf\" target=\"_blank\" rel=\"noopener\">Guia m\u00e9dico atualizado (15\/05\/2023)<\/a><\/p>\n<p><a href=\"https:\/\/www.rotaseguros.com.br\/corretor\/wp-content\/uploads\/inclusao-qualisaude.pdf\" target=\"_blank\" rel=\"noopener\">Inclus\u00e3o Qualisa\u00fade &#8211; (Atualizado em 26\/05\/2023)<\/a><\/p>\n<p><a href=\"http:\/\/www.rotaseguros.com.br\/corretor\/wp-content\/uploads\/Venha-turbinar-suas-vendas_20250505_151048_0000_compressed.pdf\" target=\"_blank\" rel=\"noopener\">Apresenta\u00e7\u00e3o Nordeste Sa\u00fade<\/a><\/p>\n","protected":false},"excerpt":{"rendered":"<p>Tabelas Qualisaude Segue abaixo o link para as tabelas da Qualisa\u00fade. https:\/\/drive.google.com\/drive\/folders\/1S3DeCmAATNcCONFqdCmUqYNVDhfFvxat TABELA DE VENDAS ATHENA &#8211; Portif\u00f3lio de Vendas &#8211; (Atualizado em 06\/05\/26) &nbsp; Material de Apoio Formul\u00e1rio Entrevista &#8230;<\/p>\n","protected":false},"author":1,"featured_media":0,"parent":8407,"menu_order":0,"comment_status":"closed","ping_status":"closed","template":"","meta":{"footnotes":""},"class_list":["post-8984","page","type-page","status-publish","hentry"],"_links":{"self":[{"href":"https:\/\/www.rotaseguros.com.br\/corretor\/index.php\/wp-json\/wp\/v2\/pages\/8984","targetHints":{"allow":["GET"]}}],"collection":[{"href":"https:\/\/www.rotaseguros.com.br\/corretor\/index.php\/wp-json\/wp\/v2\/pages"}],"about":[{"href":"https:\/\/www.rotaseguros.com.br\/corretor\/index.php\/wp-json\/wp\/v2\/types\/page"}],"author":[{"embeddable":true,"href":"https:\/\/www.rotaseguros.com.br\/corretor\/index.php\/wp-json\/wp\/v2\/users\/1"}],"replies":[{"embeddable":true,"href":"https:\/\/www.rotaseguros.com.br\/corretor\/index.php\/wp-json\/wp\/v2\/comments?post=8984"}],"version-history":[{"count":24,"href":"https:\/\/www.rotaseguros.com.br\/corretor\/index.php\/wp-json\/wp\/v2\/pages\/8984\/revisions"}],"predecessor-version":[{"id":67660,"href":"https:\/\/www.rotaseguros.com.br\/corretor\/index.php\/wp-json\/wp\/v2\/pages\/8984\/revisions\/67660"}],"up":[{"embeddable":true,"href":"https:\/\/www.rotaseguros.com.br\/corretor\/index.php\/wp-json\/wp\/v2\/pages\/8407"}],"wp:attachment":[{"href":"https:\/\/www.rotaseguros.com.br\/corretor\/index.php\/wp-json\/wp\/v2\/media?parent=8984"}],"curies":[{"name":"wp","href":"https:\/\/api.w.org\/{rel}","templated":true}]}}